f 218768 and 207581.
1243
What is the highest common divisor of 4032 and 5048960?
448
Calculate the greatest common divisor of 130261191 and 51.
51
What is the greatest common divisor of 22868742 and 4748?
2374
Calculate the highest common divisor of 51304 and 33011.
11
Calculate the greatest common divisor of 50 and 196132850.
50
What is the greatest common divisor of 3743 and 449426?
19
Calculate the greatest common divisor of 267723 and 72027.
1359
Calculate the greatest common divisor of 170628 and 80889.
177
What is the highest common factor of 122808 and 40152?
168
Calculate the highest common factor of 58101 and 627555.
321
What is the highest common divisor of 1998 and 851931?
27
Calculate the highest common factor of 32958306 and 648.
54
What is the greatest common divisor of 15809807 and 1267?
181
Calculate the highest common factor of 3097287 and 58.
29
Calculate the highest common factor of 2442 and 232892.
22
What is the greatest common factor of 19740 and 1063328?
1316
Calculate the highest common divisor of 6912356 and 16.
4
Calculate the greatest common divisor of 8836324 and 4991.
161
Calculate the highest common divisor of 5111 and 5803406.
269
What is the highest common factor of 1198432 and 313888?
544
Calculate the greatest common divisor of 47157 and 13699823.
1429
What is the highest common factor of 4140840 and 3630?
330
Calculate the highest common factor of 157393568 and 912.
304
Calculate the highest common factor of 5761056 and 504.
168
What is the greatest common divisor of 13 and 539504407?
13
What is the highest common divisor of 50319929 and 2024?
253
What is the greatest common factor of 3538348 and 2006336?
5452
Calculate the greatest common divisor of 1410 and 155347784.
94
Calculate the greatest common factor of 25542 and 5589.
27
What is the greatest common factor of 64 and 11923?
1
Calculate the greatest common divisor of 16612042 and 114.
38
What is the highest common divisor of 47815 and 7129910?
365
What is the highest common factor of 1789992 and 234?
18
Calculate the greatest common factor of 256647803 and 109.
109
Calculate the highest common factor of 1795 and 70520165.
1795
What is the highest common divisor of 3 and 23976669?
3
Calculate the highest common divisor of 218 and 55190406.
218
What is the greatest common divisor of 7904 and 25649?
13
What is the greatest common divisor of 40115 and 242465?
355
Calculate the highest common factor of 834788 and 8.
4
What is the greatest common divisor of 89811782 and 21488?
2686
What is the highest common factor of 109647 and 22338513?
1179
What is the highest common factor of 29106 and 6012986?
98
Calculate the greatest common factor of 10982 and 24307688.
646
What is the highest common divisor of 4905 and 72215334?
981
Calculate the greatest common divisor of 60016 and 112.
16
What is the greatest common divisor of 14 and 38365?
1
What is the greatest common divisor of 15 and 5492271?
3
Calculate the highest common divisor of 2513 and 78981.
7
Calculate the highest common divisor of 68814 and 2925.
9
Calculate the greatest common divisor of 57776 and 201424.
16
Calculate the greatest common factor of 136064137 and 1661.
1661
Calculate the greatest common factor of 413820 and 8379.
171
Calculate the greatest common divisor of 243 and 87810237.
243
What is the greatest common divisor of 1035360 and 1264320?
1440
Calculate the highest common factor of 6721 and 129701.
143
What is the greatest common factor of 8966771 and 2233?
319
Calculate the greatest common divisor of 5104 and 124091.
319
Calculate the greatest common divisor of 129857 and 784.
7
What is the greatest common factor of 33898 and 16103544?
1994
Calculate the highest common factor of 204 and 4723076.
68
Calculate the highest common divisor of 62 and 15812418.
62
What is the greatest common factor of 24068 and 89144?
44
What is the highest common factor of 15394 and 511528?
86
Calculate the highest common divisor of 38506 and 1316609.
1481
Calculate the highest common factor of 57397079 and 623.
89
What is the highest common divisor of 8475 and 18351200?
2825
Calculate the greatest common factor of 5346 and 54972.
54
What is the greatest common divisor of 12760 and 17438570?
290
What is the greatest common divisor of 1939127 and 776?
97
What is the greatest common factor of 2503204 and 616?
44
What is the highest common factor of 65 and 18128760?
65
Calculate the highest common divisor of 5220 and 651804.
348
What is the highest common divisor of 34946 and 146854?
202
Calculate the greatest common divisor of 12227154 and 348.
174
What is the highest common factor of 2795 and 14465845?
215
What is the highest common divisor of 26784058 and 7?
7
What is the highest common factor of 106 and 421494266?
106
What is the greatest common divisor of 142866 and 8838?
18
What is the highest common divisor of 35 and 8249682?
7
What is the highest common divisor of 572203 and 1411?
17
What is the greatest common divisor of 46238 and 1028094?
122
Calculate the highest common divisor of 17120 and 193603660.
2140
Calculate the greatest common divisor of 5090877 and 41175.
1647
Calculate the highest common divisor of 1771 and 62228455.
23
Calculate the highest common factor of 666106 and 43218.
686
What is the highest common divisor of 81 and 16386543?
81
What is the greatest common divisor of 4090210 and 1930?
10
Calculate the greatest common divisor of 147470 and 605.
5
What is the greatest common factor of 640204 and 3016?
116
What is the highest common factor of 45380083 and 30667?
2359
What is the highest common divisor of 350 and 5666108?
14
What is the highest common divisor of 18 and 4038096654?
18
What is the highest common factor of 69171992 and 2264?
2264
Calculate the greatest common factor of 16 and 184216048.
16
What is the highest common divisor of 10101 and 511932?
111
Calculate the greatest common divisor of 1827 and 325073.
7
Calculate the highest common divisor of 24163881 and 42.
21
What is the greatest common divisor of 7282575 and 6075?
675
What is the greatest common divisor of 68130 and 67500?
90
What is the highest common factor of 567 and 40351437?
63
What is the greatest common factor of 74387943 and 522?
9
What is the greatest common divisor of 17864704 and 3102216?
6344
What is the highest common divisor of 76375 and 18941?
611
Calculate the greatest common factor of 493840 and 9192.
8
Calculate the highest common factor of 29448707 and 703.
37
Calculate the highest common divisor of 2070 and 584890.
230
What is the highest common factor of 27423 and 69036?
33
Calculate the greatest common factor of 203182912 and 89284.
6868
Calculate the greatest common divisor of 189800844 and 6.
6
What is the greatest common divisor of 10503 and 594564327?
10503
Calculate the greatest common divisor of 2526790 and 30.
10
What is the greatest common divisor of 185094 and 13552203?
2373
Calculate the greatest common divisor of 163888137 and 5724.
1431
Calculate the highest common factor of 66860290 and 350.
70
What is the highest common divisor of 8142 and 191308503?
4071
Calculate the greatest common factor of 79432 and 71464.
8
What is the greatest common divisor of 7200 and 4068?
36
What is the greatest common divisor of 134140788 and 768?
12
What is the greatest common factor of 122028 and 324?
12
What is the greatest common divisor of 127 and 15590?
1
What is the highest common divisor of 1870823 and 101?
101
Calculate the greatest common divisor of 688798 and 28177314.
2882
Calculate the highest common factor of 810 and 4232760.
30
Calculate the highest common divisor of 81810 and 24480.
90
What is the highest common factor of 6 and 37100?
2
Calculate the greatest common divisor of 64838849 and 57.
19
What is the greatest common factor of 1074 and 20084874?
1074
Calculate the highest common factor of 351781496 and 3256.
3256
Calculate the highest common divisor of 290 and 49368266.
58
What is the greatest common factor of 15627 and 23164423?
5209
Calculate the highest common divisor of 38462762 and 221.
13
Calculate the greatest common divisor of 3966954 and 327516.
3342
What is the greatest common divisor of 58 and 4049233402?
58
What is the highest common divisor of 2091786 and 109